{"id":1781,"date":"2023-07-10T16:59:18","date_gmt":"2023-07-10T16:59:18","guid":{"rendered":"https:\/\/brindeconduite.com\/?page_id=1781"},"modified":"2023-09-21T16:59:55","modified_gmt":"2023-09-21T16:59:55","slug":"elementor-1781","status":"publish","type":"page","link":"https:\/\/brindeconduite.com\/?page_id=1781","title":{"rendered":""},"content":{"rendered":"\t\t<div data-elementor-type=\"wp-page\" data-elementor-id=\"1781\" class=\"elementor elementor-1781\">\n\t\t\t\t\t\t\t\t\t<section class=\"elementor-section elementor-top-section elementor-element elementor-element-38b32ac elementor-section-full_width elementor-section-height-default elementor-section-height-default\" data-id=\"38b32ac\" data-element_type=\"section\">\n\t\t\t\t\t\t<div class=\"elementor-container elementor-column-gap-default\">\n\t\t\t\t\t<div class=\"elementor-column elementor-col-100 elementor-top-column elementor-element elementor-element-cc4ded2\" data-id=\"cc4ded2\" data-element_type=\"column\">\n\t\t\t<div class=\"elementor-widget-wrap elementor-element-populated\">\n\t\t\t\t\t\t\t\t<div class=\"elementor-element elementor-element-a429522 elementor-widget elementor-widget-heading\" data-id=\"a429522\" data-element_type=\"widget\" data-widget_type=\"heading.default\">\n\t\t\t\t<div class=\"elementor-widget-container\">\n\t\t\t<style>\/*! elementor - v3.7.2 - 21-08-2022 *\/\n.elementor-heading-title{padding:0;margin:0;line-height:1}.elementor-widget-heading .elementor-heading-title[class*=elementor-size-]>a{color:inherit;font-size:inherit;line-height:inherit}.elementor-widget-heading .elementor-heading-title.elementor-size-small{font-size:15px}.elementor-widget-heading .elementor-heading-title.elementor-size-medium{font-size:19px}.elementor-widget-heading .elementor-heading-title.elementor-size-large{font-size:29px}.elementor-widget-heading .elementor-heading-title.elementor-size-xl{font-size:39px}.elementor-widget-heading .elementor-heading-title.elementor-size-xxl{font-size:59px}<\/style><h2 class=\"elementor-heading-title elementor-size-default\">Modalit\u00e9s pour s'inscrire<\/h2>\t\t<\/div>\n\t\t\t\t<\/div>\n\t\t\t\t\t<\/div>\n\t\t<\/div>\n\t\t\t\t\t\t\t<\/div>\n\t\t<\/section>\n\t\t\t\t<section class=\"elementor-section elementor-top-section elementor-element elementor-element-d4d3114 elementor-section-full_width elementor-section-height-default elementor-section-height-default\" data-id=\"d4d3114\" data-element_type=\"section\">\n\t\t\t\t\t\t<div class=\"elementor-container elementor-column-gap-default\">\n\t\t\t\t\t<div class=\"elementor-column elementor-col-100 elementor-top-column elementor-element elementor-element-e8eb953\" data-id=\"e8eb953\" data-element_type=\"column\">\n\t\t\t<div class=\"elementor-widget-wrap elementor-element-populated\">\n\t\t\t\t\t\t\t\t<div class=\"elementor-element elementor-element-b82e29f elementor-widget elementor-widget-text-editor\" data-id=\"b82e29f\" data-element_type=\"widget\" data-widget_type=\"text-editor.default\">\n\t\t\t\t<div class=\"elementor-widget-container\">\n\t\t\t<style>\/*! elementor - v3.7.2 - 21-08-2022 *\/\n.elementor-widget-text-editor.elementor-drop-cap-view-stacked .elementor-drop-cap{background-color:#818a91;color:#fff}.elementor-widget-text-editor.elementor-drop-cap-view-framed .elementor-drop-cap{color:#818a91;border:3px solid;background-color:transparent}.elementor-widget-text-editor:not(.elementor-drop-cap-view-default) .elementor-drop-cap{margin-top:8px}.elementor-widget-text-editor:not(.elementor-drop-cap-view-default) .elementor-drop-cap-letter{width:1em;height:1em}.elementor-widget-text-editor .elementor-drop-cap{float:left;text-align:center;line-height:1;font-size:50px}.elementor-widget-text-editor .elementor-drop-cap-letter{display:inline-block}<\/style>\t\t\t\t<p><span style=\"font-style: inherit; font-weight: inherit; color: var( --e-global-color-text ); font-family: var( --e-global-typography-primary-font-family ), Sans-serif; background-color: var(--ast-global-color-5);\">1 &#8211; R<\/span><span style=\"color: var( --e-global-color-text ); font-family: var( --e-global-typography-primary-font-family ), Sans-serif; font-weight: var( --e-global-typography-primary-font-weight ); background-color: var(--ast-global-color-5); font-size: 1rem;\">especter les conditions l\u00e9gales pour s&rsquo;inscrire aux examens du permis de conduire (\u00e2ge, dur\u00e9e d&rsquo;interdiction suite \u00e0 annulation&#8230;)<\/span><\/p>\n<p><span style=\"background-color: var(--ast-global-color-5); color: var( --e-global-color-text ); font-family: var( --e-global-typography-primary-font-family ), Sans-serif; font-style: inherit; font-weight: inherit;\">2 &#8211; Avoir effectu\u00e9 l&rsquo;\u00e9valuation pr\u00e9alable<\/span><\/p>\n<p>3 &#8211; Effectuer le r\u00e8glement de la 1\u00e8re \u00e9ch\u00e9ance<span style=\"background-color: var(--ast-global-color-5); color: var( --e-global-color-text ); font-family: var( --e-global-typography-primary-font-family ), Sans-serif; font-style: inherit; font-weight: inherit;\"><br><\/span><\/p>\n<p><span style=\"background-color: var(--ast-global-color-5); color: var( --e-global-color-text ); font-family: var( --e-global-typography-primary-font-family ), Sans-serif; font-style: inherit; font-weight: inherit;\">4 &#8211; R\u00e9unir et nous remettre les documents suivants :<\/span><br><span style=\"background-color: var(--ast-global-color-5); color: var( --e-global-color-text ); font-family: var( --e-global-typography-primary-font-family ), Sans-serif; font-style: inherit; font-weight: inherit;\">-Un justificatif d\u2019identit\u00e9 de l&rsquo;\u00e9l\u00e8ve (carte nationale d\u2019identit\u00e9, passeport&#8230;)<\/span><br><span style=\"background-color: var(--ast-global-color-5); color: var( --e-global-color-text ); font-family: var( --e-global-typography-primary-font-family ), Sans-serif; font-style: inherit; font-weight: inherit;\">-Un justificatif de domicile de l&rsquo;\u00e9l\u00e8ve (liste EXHAUSTIVE* ci dessous)&nbsp;<\/span><br><span style=\"background-color: var(--ast-global-color-5); color: var( --e-global-color-text ); font-family: var( --e-global-typography-primary-font-family ), Sans-serif; font-style: inherit; font-weight: inherit;\">-Une photo d\u2019identit\u00e9 sp\u00e9ciale permis de conduire (la e-photo num\u00e9rique avec signature)<\/span><br><span style=\"background-color: var(--ast-global-color-5); color: var( --e-global-color-text ); font-family: var( --e-global-typography-primary-font-family ), Sans-serif; font-style: inherit; font-weight: inherit;\">Et en fonction des situations, fournir en plus :<\/span><br><span style=\"background-color: var(--ast-global-color-5); color: var( --e-global-color-text ); font-family: var( --e-global-typography-primary-font-family ), Sans-serif; font-style: inherit; font-weight: inherit;\">-Si l&rsquo;\u00e9l\u00e8ve est \u00e2g\u00e9 entre 17 ans et 25 ans, et pour une premi\u00e8re demande, fournir le certificat individuel de participation \u00e0 la journ\u00e9e de d\u00e9fense et de citoyennet\u00e9 JDC ou de non participation<\/span><br><span style=\"background-color: var(--ast-global-color-5); color: var( --e-global-color-text ); font-family: var( --e-global-typography-primary-font-family ), Sans-serif; font-style: inherit; font-weight: inherit;\">-Si l&rsquo;\u00e9l\u00e8ve n&rsquo;a pas de justificatif de domicile \u00e0 son nom, l&rsquo;h\u00e9bergeur doit r\u00e9diger une attestation d&rsquo;h\u00e9bergement et fournir en plus, son justificatif de domicile et sa pi\u00e8ce d&rsquo;identit\u00e9<\/span><br><span style=\"background-color: var(--ast-global-color-5); color: var( --e-global-color-text ); font-family: var( --e-global-typography-primary-font-family ), Sans-serif; font-style: inherit; font-weight: inherit;\">-Si l&rsquo;\u00e9l\u00e8ve est d\u00e9j\u00e0 titulaire d&rsquo;un permis (permis AM par exemple), fournir une copie du permis d\u00e9j\u00e0 obtenu<\/span><br><span style=\"font-style: inherit; font-weight: inherit; color: var( --e-global-color-text ); font-family: var( --e-global-typography-primary-font-family ), Sans-serif; background-color: var(--ast-global-color-5);\">-Si l&rsquo;\u00e9l\u00e8ve pr\u00e9sente une pathologie n\u00e9cessitant un avis m\u00e9dical, fournir une attestation de compatibilit\u00e9 avec la conduite d\u00e9livr\u00e9e par&nbsp;<\/span><span style=\"font-style: inherit; font-weight: inherit; color: var( --e-global-color-text ); font-family: var( --e-global-typography-primary-font-family ), Sans-serif; background-color: var(--ast-global-color-5);\">un m\u00e9decin agr\u00e9\u00e9<\/span><br><\/p>\n<div><i style=\"font-weight: inherit; color: var( --e-global-color-text ); font-family: var( --e-global-typography-primary-font-family ), Sans-serif; background-color: var(--ast-global-color-5);\"><span style=\"font-weight: inherit; color: var( --e-global-color-text ); font-family: var( --e-global-typography-primary-font-family ), Sans-serif; background-color: var(--ast-global-color-5);\">*facture datant de moins de 6 mois de t\u00e9l\u00e9phone fixe ou mobile, gaz, \u00e9lectricit\u00e9 ou eau,&nbsp;<\/span><span style=\"background-color: var(--ast-global-color-5); color: var( --e-global-color-text ); font-family: var( --e-global-typography-primary-font-family ), Sans-serif; font-weight: inherit;\">ou un avis d&rsquo;imposition ou de non-imposition,&nbsp;<\/span><span style=\"background-color: var(--ast-global-color-5); color: var( --e-global-color-text ); font-family: var( --e-global-typography-primary-font-family ), Sans-serif; font-weight: inherit;\">ou une quittance de loyer non-manuscrite<\/span><\/i><\/div>\t\t\t\t\t\t<\/div>\n\t\t\t\t<\/div>\n\t\t\t\t\t<\/div>\n\t\t<\/div>\n\t\t\t\t\t\t\t<\/div>\n\t\t<\/section>\n\t\t\t\t\t\t\t<\/div>\n\t\t","protected":false},"excerpt":{"rendered":"<p>Modalit\u00e9s pour s&rsquo;inscrire 1 &#8211; Respecter les conditions l\u00e9gales pour s&rsquo;inscrire aux examens du permis de conduire (\u00e2ge, dur\u00e9e d&rsquo;interdiction suite \u00e0 annulation&#8230;) 2 &#8211; Avoir effectu\u00e9 l&rsquo;\u00e9valuation pr\u00e9alable 3 &#8211; Effectuer le r\u00e8glement de la 1\u00e8re \u00e9ch\u00e9ance 4 &#8211; R\u00e9unir et nous remettre les documents suivants :-Un justificatif d\u2019identit\u00e9 de l&rsquo;\u00e9l\u00e8ve (carte nationale d\u2019identit\u00e9, &hellip;<\/p>\n<p class=\"read-more\"> <a class=\"\" href=\"https:\/\/brindeconduite.com\/?page_id=1781\">  Lire la suite\u00a0\u00bb<\/a><\/p>\n","protected":false},"author":1,"featured_media":0,"parent":0,"menu_order":0,"comment_status":"closed","ping_status":"closed","template":"","meta":{"site-sidebar-layout":"no-sidebar","site-content-layout":"page-builder","ast-global-header-display":"","ast-main-header-display":"","ast-hfb-above-header-display":"","ast-hfb-below-header-display":"","ast-hfb-mobile-header-display":"","site-post-title":"disabled","ast-breadcrumbs-content":"","ast-featured-img":"disabled","footer-sml-layout":"","theme-transparent-header-meta":"","adv-header-id-meta":"","stick-header-meta":"","header-above-stick-meta":"","header-main-stick-meta":"","header-below-stick-meta":""},"_links":{"self":[{"href":"https:\/\/brindeconduite.com\/index.php?rest_route=\/wp\/v2\/pages\/1781"}],"collection":[{"href":"https:\/\/brindeconduite.com\/index.php?rest_route=\/wp\/v2\/pages"}],"about":[{"href":"https:\/\/brindeconduite.com\/index.php?rest_route=\/wp\/v2\/types\/page"}],"author":[{"embeddable":true,"href":"https:\/\/brindeconduite.com\/index.php?rest_route=\/wp\/v2\/users\/1"}],"replies":[{"embeddable":true,"href":"https:\/\/brindeconduite.com\/index.php?rest_route=%2Fwp%2Fv2%2Fcomments&post=1781"}],"version-history":[{"count":32,"href":"https:\/\/brindeconduite.com\/index.php?rest_route=\/wp\/v2\/pages\/1781\/revisions"}],"predecessor-version":[{"id":2114,"href":"https:\/\/brindeconduite.com\/index.php?rest_route=\/wp\/v2\/pages\/1781\/revisions\/2114"}],"wp:attachment":[{"href":"https:\/\/brindeconduite.com\/index.php?rest_route=%2Fwp%2Fv2%2Fmedia&parent=1781"}],"curies":[{"name":"wp","href":"https:\/\/api.w.org\/{rel}","templated":true}]}}