{"id":1440,"date":"2023-05-05T10:07:40","date_gmt":"2023-05-05T10:07:40","guid":{"rendered":"https:\/\/brindeconduite.com\/?page_id=1440"},"modified":"2023-07-08T16:49:05","modified_gmt":"2023-07-08T16:49:05","slug":"elementor-1440","status":"publish","type":"page","link":"https:\/\/brindeconduite.com\/?page_id=1440","title":{"rendered":""},"content":{"rendered":"\t\t<div data-elementor-type=\"wp-page\" data-elementor-id=\"1440\" class=\"elementor elementor-1440\">\n\t\t\t\t\t\t\t\t\t<section class=\"elementor-section elementor-top-section elementor-element elementor-element-55154ee elementor-section-boxed elementor-section-height-default elementor-section-height-default\" data-id=\"55154ee\" data-element_type=\"section\">\n\t\t\t\t\t\t<div class=\"elementor-container elementor-column-gap-default\">\n\t\t\t\t\t<div class=\"elementor-column elementor-col-100 elementor-top-column elementor-element elementor-element-e8763bb\" data-id=\"e8763bb\" data-element_type=\"column\">\n\t\t\t<div class=\"elementor-widget-wrap elementor-element-populated\">\n\t\t\t\t\t\t\t\t<div class=\"elementor-element elementor-element-364d5d8 elementor-widget elementor-widget-heading\" data-id=\"364d5d8\" data-element_type=\"widget\" data-widget_type=\"heading.default\">\n\t\t\t\t<div class=\"elementor-widget-container\">\n\t\t\t<style>\/*! elementor - v3.7.2 - 21-08-2022 *\/\n.elementor-heading-title{padding:0;margin:0;line-height:1}.elementor-widget-heading .elementor-heading-title[class*=elementor-size-]>a{color:inherit;font-size:inherit;line-height:inherit}.elementor-widget-heading .elementor-heading-title.elementor-size-small{font-size:15px}.elementor-widget-heading .elementor-heading-title.elementor-size-medium{font-size:19px}.elementor-widget-heading .elementor-heading-title.elementor-size-large{font-size:29px}.elementor-widget-heading .elementor-heading-title.elementor-size-xl{font-size:39px}.elementor-widget-heading .elementor-heading-title.elementor-size-xxl{font-size:59px}<\/style><h2 class=\"elementor-heading-title elementor-size-default\">Formation permis AM option quadricycle l\u00e9ger<\/h2>\t\t<\/div>\n\t\t\t\t<\/div>\n\t\t\t\t\t<\/div>\n\t\t<\/div>\n\t\t\t\t\t\t\t<\/div>\n\t\t<\/section>\n\t\t\t\t<section class=\"elementor-section elementor-top-section elementor-element elementor-element-740c945 elementor-section-boxed elementor-section-height-default elementor-section-height-default\" data-id=\"740c945\" data-element_type=\"section\">\n\t\t\t\t\t\t<div class=\"elementor-container elementor-column-gap-default\">\n\t\t\t\t\t<div class=\"elementor-column elementor-col-100 elementor-top-column elementor-element elementor-element-5d59363\" data-id=\"5d59363\" data-element_type=\"column\">\n\t\t\t<div class=\"elementor-widget-wrap elementor-element-populated\">\n\t\t\t\t\t\t\t\t<div class=\"elementor-element elementor-element-71b3aad elementor-widget elementor-widget-text-editor\" data-id=\"71b3aad\" data-element_type=\"widget\" data-widget_type=\"text-editor.default\">\n\t\t\t\t<div class=\"elementor-widget-container\">\n\t\t\t<style>\/*! elementor - v3.7.2 - 21-08-2022 *\/\n.elementor-widget-text-editor.elementor-drop-cap-view-stacked .elementor-drop-cap{background-color:#818a91;color:#fff}.elementor-widget-text-editor.elementor-drop-cap-view-framed .elementor-drop-cap{color:#818a91;border:3px solid;background-color:transparent}.elementor-widget-text-editor:not(.elementor-drop-cap-view-default) .elementor-drop-cap{margin-top:8px}.elementor-widget-text-editor:not(.elementor-drop-cap-view-default) .elementor-drop-cap-letter{width:1em;height:1em}.elementor-widget-text-editor .elementor-drop-cap{float:left;text-align:center;line-height:1;font-size:50px}.elementor-widget-text-editor .elementor-drop-cap-letter{display:inline-block}<\/style>\t\t\t\t<p>\u00a0<\/p><p>Se d\u00e9placer est tr\u00e8s important pour tout un chacun, et \u00e0 tout \u00e2ge. Jeunes ou moins jeunes, nous avons besoin de nous rendre \u00e0 diff\u00e9rents lieux, \u00e0 diff\u00e9rents moments dans la journ\u00e9e. Et lorsqu&rsquo;il est impossible de le faire (d\u00e9gradation de l&rsquo;\u00e9tat de sant\u00e9, perte du permis etc&#8230;), cela cr\u00e9e des difficult\u00e9s dans le quotidien.\u00a0<span style=\"font-style: inherit; font-weight: inherit; color: var( --e-global-color-text ); font-family: var( --e-global-typography-text-font-family ), Sans-serif; background-color: var(--ast-global-color-5);\">Surtout dans notre secteur rural o\u00f9 les distances sont plus grandes et pour ne pas \u00eatre trop isol\u00e9, difficile de se passer de v\u00e9hicule \u00e0 moteur (transport en commun ou transport individuel).\u00a0<\/span><\/p><p>Sans compter que le quotidien de nos ados est aujourd&rsquo;hui de plus en plus charg\u00e9 : les cours, le sport, le th\u00e9\u00e2tre, la guitare, job d&rsquo;\u00e9t\u00e9, cfa\/entreprise&#8230;mais aussi voir ses amis, les grands-parents, sortir etc&#8230; Alors quand le v\u00e9lo n&rsquo;est pas pratique (trop de distances, conditions m\u00e9t\u00e9o), que l&rsquo;horaire du bus ne correspond pas \u00e0 l&rsquo;horaire des sorties, pensez \u00e0 la voiturette. Votre enfant gagnera en autonome, ce qui lib\u00e8rera aussi du temps pour vous. Et plus s\u00e9curis\u00e9e qu&rsquo;un cyclomoteur, la voiturette est aussi source d&rsquo;ind\u00e9pendance et de responsabilisation : conduire un v\u00e9hicule, quel qu&rsquo;il soit, oblige \u00e0 grandir (respect des r\u00e8gles, entretien de son v\u00e9hicule&#8230;). Bref un premier pas dans le monde d&rsquo;adulte.<\/p><p>C&rsquo;est pourquoi, une formation est indispensable et Brin de Conduite vous accompagne. N&rsquo;h\u00e9sitez pas \u00e0 venir vous renseigner !<\/p><p><b style=\"font-style: inherit; color: var( --e-global-color-text ); font-family: var( --e-global-typography-text-font-family ), Sans-serif; background-color: var(--ast-global-color-5);\"><u>Conditions :<\/u><\/b><\/p><ul><li><span style=\"background-color: var(--ast-global-color-5); color: var( --e-global-color-text ); font-family: var( --e-global-typography-text-font-family ), Sans-serif; font-style: inherit; font-weight: inherit;\">\u00eatre \u00e2g\u00e9 de 14 ans r\u00e9volu<\/span><\/li><li><span style=\"background-color: var(--ast-global-color-5); color: var( --e-global-color-text ); font-family: var( --e-global-typography-text-font-family ), Sans-serif; font-style: inherit; font-weight: inherit;\">avoir effectu\u00e9 la formation th\u00e9orique en milieu scolaire (ASSR1, ASSR2 ou ASR)<\/span><\/li><li><span style=\"background-color: var(--ast-global-color-5); color: var( --e-global-color-text ); font-family: var( --e-global-typography-text-font-family ), Sans-serif; font-style: inherit; font-weight: inherit;\">d\u00e9tenir le quadricycle et \u00eatre assur\u00e9 pour l&rsquo;apprentissage<\/span><\/li><\/ul><p><b style=\"color: var( --e-global-color-text ); font-family: var( --e-global-typography-text-font-family ), Sans-serif; font-style: inherit;\"><u>D\u00e9roul\u00e9 :<\/u><\/b><\/p><ul><li><span style=\"background-color: var(--ast-global-color-5); color: var( --e-global-color-text ); font-family: var( --e-global-typography-text-font-family ), Sans-serif; font-style: inherit; font-weight: inherit;\">avant la formation : un livret doit \u00eatre remis \u00e0 l&rsquo;\u00e9l\u00e8ve pour qu&rsquo;il commence \u00e0 se plonger dans sa formation (recherche d&rsquo;autonomie et prise de conscience du risque)<\/span><\/li><li><span style=\"font-style: inherit; font-weight: inherit; color: var( --e-global-color-text ); font-family: var( --e-global-typography-text-font-family ), Sans-serif; background-color: var(--ast-global-color-5);\">la formation en elle-m\u00eame : 8 heures \u00e9tal\u00e9es sur 2 demi-journ\u00e9es entrecoup\u00e9es de s<\/span><span style=\"font-style: inherit; font-weight: inherit; color: var( --e-global-color-text ); font-family: var( --e-global-typography-text-font-family ), Sans-serif; background-color: var(--ast-global-color-5);\">\u00e9quences en salle et en v\u00e9hicule<\/span><\/li><li><span style=\"background-color: var(--ast-global-color-5); color: var( --e-global-color-text ); font-family: var( --e-global-typography-text-font-family ), Sans-serif; font-style: inherit; font-weight: inherit;\">apr\u00e8s la formation : apr\u00e8s une s\u00e9quence en pr\u00e9sence d&rsquo;un parent, et si le suivi a \u00e9t\u00e9 assidu, une attestation de suivi pratique (BSR) est remise \u00e0 l&rsquo;\u00e9l\u00e8ve, qui a une validit\u00e9 de 4 mois dans l&rsquo;attente du titre d\u00e9finitif.<\/span><\/li><\/ul><p><b style=\"color: var( --e-global-color-text ); font-family: var( --e-global-typography-text-font-family ), Sans-serif; font-style: inherit;\"><u>Contenu de la formation :\u00a0<\/u><\/b><\/p><ul><li><span style=\"background-color: var(--ast-global-color-5); color: var( --e-global-color-text ); font-family: var( --e-global-typography-text-font-family ), Sans-serif; font-style: inherit; font-weight: inherit;\">S\u00e9quence 1 : Echanges sur les repr\u00e9sentations individuelles autour de la conduite.<\/span><\/li><li><span style=\"font-style: inherit; font-weight: inherit; color: var( --e-global-color-text ); font-family: var( --e-global-typography-text-font-family ), Sans-serif; background-color: var(--ast-global-color-5);\">S\u00e9quence 2 : Formation \u00e0 la conduite hors circulation.<\/span><\/li><li><span style=\"background-color: var(--ast-global-color-5); color: var( --e-global-color-text ); font-family: var( --e-global-typography-text-font-family ), Sans-serif; font-style: inherit; font-weight: inherit;\">S\u00e9quence 3 : Apports th\u00e9oriques (code de la route)<\/span><\/li><li><span style=\"background-color: var(--ast-global-color-5); color: var( --e-global-color-text ); font-family: var( --e-global-typography-text-font-family ), Sans-serif; font-style: inherit; font-weight: inherit;\">S\u00e9quence 4 : Formation \u00e0 la conduite sur les voies ouvertes \u00e0 la circulation publique.<\/span><\/li><li><span style=\"background-color: var(--ast-global-color-5); color: var( --e-global-color-text ); font-family: var( --e-global-typography-text-font-family ), Sans-serif; font-style: inherit; font-weight: inherit;\">S\u00e9quence 5 : Sensibilisation aux risques. Cette s\u00e9quence cl\u00f4ture la formation et se d\u00e9roule en pr\u00e9sence, pour les \u00e9l\u00e8ves mineurs, de l&rsquo;un au moins des parents ou du repr\u00e9sentant l\u00e9gal.<\/span><\/li><\/ul><div><b><u>Tarif :<\/u><\/b><\/div><div>250\u20ac TTC<\/div>\t\t\t\t\t\t<\/div>\n\t\t\t\t<\/div>\n\t\t\t\t\t<\/div>\n\t\t<\/div>\n\t\t\t\t\t\t\t<\/div>\n\t\t<\/section>\n\t\t\t\t\t\t\t<\/div>\n\t\t","protected":false},"excerpt":{"rendered":"<p>Formation permis AM option quadricycle l\u00e9ger \u00a0 Se d\u00e9placer est tr\u00e8s important pour tout un chacun, et \u00e0 tout \u00e2ge. Jeunes ou moins jeunes, nous avons besoin de nous rendre \u00e0 diff\u00e9rents lieux, \u00e0 diff\u00e9rents moments dans la journ\u00e9e. Et lorsqu&rsquo;il est impossible de le faire (d\u00e9gradation de l&rsquo;\u00e9tat de sant\u00e9, perte du permis etc&#8230;), &hellip;<\/p>\n<p class=\"read-more\"> <a class=\"\" href=\"https:\/\/brindeconduite.com\/?page_id=1440\">  Lire la suite\u00a0\u00bb<\/a><\/p>\n","protected":false},"author":1,"featured_media":0,"parent":0,"menu_order":0,"comment_status":"closed","ping_status":"closed","template":"","meta":{"site-sidebar-layout":"no-sidebar","site-content-layout":"page-builder","ast-global-header-display":"","ast-main-header-display":"","ast-hfb-above-header-display":"","ast-hfb-below-header-display":"","ast-hfb-mobile-header-display":"","site-post-title":"disabled","ast-breadcrumbs-content":"","ast-featured-img":"disabled","footer-sml-layout":"","theme-transparent-header-meta":"","adv-header-id-meta":"","stick-header-meta":"","header-above-stick-meta":"","header-main-stick-meta":"","header-below-stick-meta":""},"_links":{"self":[{"href":"https:\/\/brindeconduite.com\/index.php?rest_route=\/wp\/v2\/pages\/1440"}],"collection":[{"href":"https:\/\/brindeconduite.com\/index.php?rest_route=\/wp\/v2\/pages"}],"about":[{"href":"https:\/\/brindeconduite.com\/index.php?rest_route=\/wp\/v2\/types\/page"}],"author":[{"embeddable":true,"href":"https:\/\/brindeconduite.com\/index.php?rest_route=\/wp\/v2\/users\/1"}],"replies":[{"embeddable":true,"href":"https:\/\/brindeconduite.com\/index.php?rest_route=%2Fwp%2Fv2%2Fcomments&post=1440"}],"version-history":[{"count":38,"href":"https:\/\/brindeconduite.com\/index.php?rest_route=\/wp\/v2\/pages\/1440\/revisions"}],"predecessor-version":[{"id":1574,"href":"https:\/\/brindeconduite.com\/index.php?rest_route=\/wp\/v2\/pages\/1440\/revisions\/1574"}],"wp:attachment":[{"href":"https:\/\/brindeconduite.com\/index.php?rest_route=%2Fwp%2Fv2%2Fmedia&parent=1440"}],"curies":[{"name":"wp","href":"https:\/\/api.w.org\/{rel}","templated":true}]}}